at is -20 + 1 - (95 - 109) - 23?
-28
What is 10 + (0 - -2) + (14 + 106 - 76)?
56
What is 10 + (-28 + 41 - (2 + 14)) - (3 - 13)?
17
Calculate (-2 - 14) + (11 - 1 - (265 + -250)) + 4.
-17
-8 + (0 - -80 - (120 + -100)) - -13
65
What is the value of (4 + 20 - 19) + 11 + 3?
19
What is 45 - 1 - (2017 + -1957)?
-16
Calculate 2 + (48 - 1) + 25 + -36 + (1 - 2).
37
3 - -14 - (-24 + 17 + 82 + 46)
-104
(-42 - -6 - -68) + -27
5
What is the value of (-2142 - -2136) + -3 + (-8 - (3 + 1 + -4))?
-17
What is the value of (-155 + 13 - -94) + 17 + -1?
-32
22 + -3 + (-7 - (-14 + 6 - -7))
13
-8731 - -8764 - (85 + 1)
-53
-1 - -21 - ((-8 - -20) + 18 + -38 + 16)
12
Evaluate 31 + (-20 - (8 - (-2 - -11))) - 158.
-146
Calculate (21 - 4) + 20 + -43 + 33.
27
6 - (1 + 3 + 3 + (-9 - 3)) - -13
24
Evaluate -112 + 90 - (-4 - 4).
-14
Calculate (2 - 19) + (-35 - (21 + -148)).
75
What is -8 - (-92 - -32 - -24)?
28
Evaluate 49 + 4 + 49 + -59.
43
What is the value of 9 + 100 - (16 + 10 - 16)?
99
What is (33 - (90 - 26) - -5) + -35?
-61
Calculate -68 + 2 - (14 + -20).
-60
(-5 - (-120 - -97 - (-1 - -4))) + -82
-61
-21 + 26 + 30 + -47
-12
What is -16 - (9 + (-30 - -19)) - 22?
-36
What is 139 + -140 - (-2 + 15) - -35?
21
Calculate -56 - (-14 + 16 + 28 + -52).
-34
29 - (3 - (20 - 9) - -20)
17
What is the value of 21 + (-6 - 4) + (12 - (-4 - -5)) + -9?
13
What is the value of (14 - (-4 + -1)) + (-1 + 7 - 0)?
25
What is the value of (-8 - (-9 - -9)) + 1 + -46 + 14?
-39
Evaluate -21 + (7 - 30 - -44) - -5.
5
Evaluate -11 + -1 + (-12 - -23) + -20 + (-1 - -8).
-14
What is 10 - ((-15 - (-4 + -6)) + -96 + 6 + 1)?
104
Calculate (-6 - -40) + -10 - (-52 - (13 + -8)).
81
(-7 - (1 - 1)) + -4 - (23 + (-95 - -102))
-41
-7 + (-48 - -29) + 4 - 15
-37
Evaluate (399 - 392 - (0 - -14)) + -19.
-26
-6 + (0 - 0) + 105 + (7 - -107 - 124)
89
Evaluate 6 - ((2 - 1) + -2) - (-5298 - -5287).
18
What is the value of 3 + -5 + (-18 - (26 + -34)) + -1?
-13
Calculate 72 + (-38 - -74 - -1).
109
What is the value of 0 + (-16 - -29) - 13 - (-2 - -1)?
1
What is -134 + 109 + (39 - -4)?
18
What is 2 - (91 + -139) - -28?
78
Calculate (1021 - 621 - 393) + 1 + 0 + -146.
-138
Evaluate (16 - 77) + (28 - (53 - 32)).
-54
What is the value of -65 - (-3 + 45 + -83)?
-24
Evaluate ((13 - (-2 - -22 - 7)) + -5 - -9) + 88.
92
Calculate 2 - (8 + (12 - 10 - -7 - 23) + 72).
-64
Evaluate -2 - -1 - (-5 + 8) - (45 + (-65 - -42)).
-26
Calculate (2 - 0 - (-55 + 66)) + 62 + 3.
56
17 - (97 - (49 + 15))
-16
Calculate (-29 - -5 - -34) + 10 + -5 + -39.
-24
Calculate 23 + (-6 - -4) + -6 + -12 + -5.
-2
Calculate 8 - 49 - ((-5 - -13) + 7 + -4).
-52
What is 232 - (-38 + -9 - -197)?
82
Calculate -1 + -43 + (20 + -28 - 1) + 17.
-36
-60 + (40 - 52) + 27
-45
Calculate (-3 + 29 - 49) + (-4 - -13) + 3.
-11
-112 - 0 - (221 - 191 - 33)
-109
What is 21 - -18 - (18 + 5)?
16
Evaluate -407 + 392 + (-27 - 0) + 3.
-39
-1 - (21 - -4) - (1127 + -1053)
-100
What is the value of -2 - (17 - (19 + -5) - -2)?
-7
Evaluate 2 + 0 + 5 - (-5 - (22 + -15 + 12)).
31
-1766 + 1766 - ((-116 - 1) + -1 + (85 - 81))
114
Evaluate -40 + -19 + 31 - (-15 + -34).
21
What is 117 + -66 + (-58 - 30)?
-37
Evaluate (-31 - -48 - 51) + (7 - (-2 - -4)).
-29
Calculate (66 - 72 - -29) + (3 - 1).
25
Evaluate (-19 - (-55 - -29)) + (8 - 3) + -18.
-6
Evaluate (6 - (-7 + 4 - -8)) + -1 + (-35 - -3).
-32
What is -188 - -187 - (-2 + 0) - 39 - 9?
-47
Evaluate 15776 + -15698 + -18 + -1 + -3.
56
What is the value of (-56 + 11 + -1 - -27) + -33?
-52
What is 2 + -3 + 2 - (-31 + -81 - -121)?
-8
-11 - -101 - 78 - (-1 + 5 + (-9 - -11))
6
Evaluate 5 + -23 - (48 + -69 - -63).
-60
(32 - -10) + -32 + (-3 - 10) + (1 - -6)
4
Evaluate (-48 - -32) + (7 - (7 + (-2 - -1))).
-15
What is (-24 + (12 - -12) - (0 + -8)) + 10 + 119?
137
(-63 - (52 + -118)) + 1 + 50
54
-69 + (24 + -3 + -16 - 20)
-84
What is -20 - -7 - -44 - 8 - 16 - 61?
-54
(14 - (-61 - -13)) + -4 + 1 + -12
47
What is 32 - ((-16 - -8) + -65)?
105
What is the value of 15 + -89 + 27 - (-14 - (-9 - 17))?
-59
Evaluate -1 + 18 + 52 + -61 - (-7 + 22) - 39.
-46
What is -40 + (-43 - 5) + (9 - -2)?
-77
7 + -16 + 3 + -1 + 3 - 24
-28
What is the value of 11 + (11 - 20) + 1 + -78 + 4 + 1?
-70
-3 + -13 - ((14 - 22) + -7)
-1
13 + -20 + (-6 - -26) + (-52 - 3)
-42
(3 - 49) + 660 + -725
-111
(11 - -4) + 45 + (-1 - -6) + -10
55
Calculate 24099 + -24136 + (2 + 15 - (-2 + 1)).
-19
Calculate -70 + 13 + 72 + 1 + -56 + -3.
-43
Calculate -6 - (31 + -24 + -3 + 37 + -3).
-44
Evaluate -106 - (-4 + 3) - (167 + -18 + -152).
-102
What is -13 - ((-2 - (21 - 1)) + -81 + 114)?
-24
Calculate (-293 - -223) + (-42 - -120).
8
Evaluate 7 + (6 - 11) + 36 - (-4 + (0 - -3)).
39
What is 6 + 0 + -8 + 7 + (-18 - (2 + -6))?
-9
What is -75 - (-7 - 10) - -52?
-6
(8 + -13 - (14 + -14)) + 35 + 2 + 1
33
Calculate -34 - -96 - (4 - 16 - -1).
73
-23 - (25 + -27 + 9) - 8
-38
Evaluate -32 + 52 + (-89 - -1) - -15.
-53
Evaluate -694 - -771 - (-4 + -2 - (1 + 4)).
88
-16 + (-55 - (-13 + -2)) - (-9 + 5)
-52
Evaluate 24 - ((11 - (0 - 0)) + (-600 - -592)).
21
20 + (27 + -17 + -54 - -13)
-11
Calculate 762 + -607 + -7 + -81.
67
What is the value of 17 + -46 + 24 + -26?
-31
What is 45 - (-44 - (-8 + -75)) - (-10 - 1)?
17
31 + 25 + -113 - 12
-69
What is -259 + 259 + (-41 - (-4 + 4))?
-41
Calculate 26 + (-30 - -42) + -27 + -32.
-21
Calculate -7 + -12 + 95 - 21 - 2.
53
Calculate -6 + 104 + -48 + -1 + -11 + (0 - -9).
47
Evaluate -483 - -430 - (9 - 105).
43
What is the value of -8 + 5 - -12 - (-20 + 45 - -47)?
-63
What is -38 - -38 - (-8 + (13 - -6))?
-11
What is -3 - -5 - -1 - 14 - (-14 + (73 - 68))?
-2
Evaluate (-1 - -13) + (-53 - -8) + 39.
6
Evaluate (-7032 - -6945) + (0 - -61).
-26
(34 + (-4 - -22) - 18) + -11
23
Calculate -2 - -4 - (164 + -202).
40
Calculate 0 - -5 - 14 - (8 + -9 + 1).
-9
Calculate (118 - (190 - 63)) + (106 + 0 - (-5 - -3)).
99
What is -1 + 12 + -9 + (2 - 3 - -111)?
112
Evaluate 41 + (-3 - -2) + 93 + (-195 - -97).
35
What is (0 - 2 - -14) + (-49 - ((-2 - -31) + -28))?
-38
What is 14 - 30 - -2 - -14 - 27?
-27
(0 - -7) + (-21 - (-16 - (17 + -30))) + 97
86
Evaluate 17 - (112 + 3 + -10 + -6).
-82
What is the value of 6 - -88 - ((14 + -2 - (12 - -15)) + 17)?
92
-56 + 14 - 5 - -17
-30
Evaluate 0 - -12 - -2 - (-121 + 132).
3
What is 61 + -57 + -134 + 99?
-31
Evaluate -15 - (-132 + 16) - (-221 - -267).
55
What is (-19 - (11 - 14 - (-23 - -4))) + -3?
-38
What is the value of (-2 - -3) + (32 - -75 - 56)?
52
What is -112 - (50 + -37 - 157)?
32
What is 4 - (6 - 25) - (25 + 33)?
-35
What is (49659 - 49596) + 2 + (33 - -1)?
99
2 + -12 - 6 - (15 - 2 - -42)
-71
What is -82 - (-96 - 29) - (3 - -154)?
-114
What is the value of (-6 + 5 - -8 - 0 - (4 + -9)) + 4?
16
Evaluate -2 + 19 + (-39 - (19 + -33)).
-8
Calculate (9 - 10) + 47 + -2 + 1.
45
What is the value of 3 + (28 - (7 + 6) - 11) + 2 + 19?
28
What is (-28 - 11) + -11 + 79?
29
What is the value of -3 + (-1 + 16 - (-384 + 393))?
3
What is the value of 158 + (42 - 113) - 65?
22
What is the value of 1 + (123 - 90) + (-2 - 30)?
2
What is -6 + (2 + -22 - (6 + -33))?
1
What is 9 - ((-6 - (-4 + -10)) + 3 + -35) - 13?
20
What is the value of (-367 - -231) + (78 - 16)?
-74
Evaluate (-19 + -12 - -49) + 26.
44
What is the value of 26 - (-23 - -1 - (-245 - -239))?
42
What is 2 - ((75 - 35) + -14)?
-24
What is the value of -8 - (36 + -19 + (51 - 8) + -7)?
-61
What is -243 - -264 - ((11 - 41) + 0 + 3)?
48
What is (-2 - -8 - (-72 - -40)) + -21?
17
5 - ((-5 - -8) + 4) - -20 - (40 - 50)
28
Evaluate 36 - (3 + -11 + (7 + -4 + 7 - 9)).
43
145 - (111 - 25) - (-18 - (-3 + 2))
76
-5 - -64 - (126 - 77)
10
Evaluate 18 - (29 + 79 + 2) - (-14 + -2).
-76
-22 - (23 + -11 - 15) - -43
24
Calculate 0 + 0 + 127 + -98 + -49.
-20
7 + 0 + -1 - (-4361 - -4380)
-13
549 + -621 + (7 - (0 + 1))
-66
What is the value of 52 - (-98 - -320 - 94)?
-76
What is (-32 - (-26 - -11)) + -43 + 21?
-39
34 - (-119 - -167) - (-1 - -10)
-23
Calculate (13 + 34 - 37) + 0 + (-3 - 17).
-10
(-24 + 12 - -15) + -86 + (19 - 7)
-71
What is the value of 87 + -186 + 122 - (0 - -42)?
-19
Evaluate -31 + 36 - 33 - -18.
-10
Calculate (0 - 73) + (-27 + (31 - 22) - (15 + -40)).
-66
What is the value of -9 + -1 - (58 + -71 + (-2 - -7))?
-2
0 - (0 + 5 - (9 - 11)) - (-61 - 3)
57
-7 + -2 + 28 + 673 + -611
81
Calculate 46 + (32 + -1 - (334 + -314)) + 0 +